{"id":1187,"date":"2021-10-13T20:30:42","date_gmt":"2021-10-13T18:30:42","guid":{"rendered":"http:\/\/sylvainbourgois79.com\/?page_id=1187"},"modified":"2023-04-25T09:32:44","modified_gmt":"2023-04-25T07:32:44","slug":"qui-suis-je","status":"publish","type":"page","link":"https:\/\/sylvainbourgois79.com\/?page_id=1187","title":{"rendered":"Qui Suis-Je ?"},"content":{"rendered":"<p>[et_pb_section fb_built= &raquo;1&Prime; _builder_version= &raquo;4.20.4&Prime; _module_preset= &raquo;default &raquo; background_color= &raquo;RGBA(255,255,255,0) &raquo; custom_margin= &raquo;||-150px||| &raquo; custom_padding= &raquo;4px||||| &raquo; global_colors_info= &raquo;{} &raquo;][et_pb_row _builder_version= &raquo;4.20.4&Prime; _module_preset= &raquo;default &raquo; width= &raquo;100% &raquo; custom_margin= &raquo;5px|auto|5px|auto|true|false &raquo; custom_padding= &raquo;0px||16px||false|false &raquo; global_colors_info= &raquo;{} &raquo;][et_pb_column type= &raquo;4_4&Prime; _builder_version= &raquo;4.19.5&Prime; _module_preset= &raquo;default &raquo; global_colors_info= &raquo;{} &raquo;][et_pb_text _builder_version= &raquo;4.20.4&Prime; _module_preset= &raquo;default &raquo; text_text_color= &raquo;#00871b &raquo; text_font_size= &raquo;34px &raquo; text_letter_spacing= &raquo;5px &raquo; header_font_size= &raquo;36px &raquo; header_letter_spacing= &raquo;4px &raquo; header_line_height= &raquo;1.7em &raquo; background_color= &raquo;#90ee90&Prime; text_orientation= &raquo;justified &raquo; width= &raquo;100% &raquo; max_width= &raquo;100% &raquo; module_alignment= &raquo;center &raquo; custom_margin= &raquo;9px||||false|false &raquo; custom_margin_tablet= &raquo; &raquo; custom_margin_phone= &raquo; &raquo; custom_margin_last_edited= &raquo;on|phone &raquo; hover_enabled= &raquo;0&Prime; border_radii= &raquo;on|21px|21px|21px|21px &raquo; global_colors_info= &raquo;{} &raquo; sticky_enabled= &raquo;0&Prime;]<\/p>\n<p style=\"text-align: center;\"><strong><\/strong><\/p>\n<p style=\"text-align: center;\"><strong>Horaires<\/strong><\/p>\n<p style=\"text-align: center;\"><strong><\/strong><\/p>\n<p>[\/et_pb_text][\/et_pb_column][\/et_pb_row][\/et_pb_section][et_pb_section fb_built= &raquo;1&Prime; _builder_version= &raquo;4.20.4&Prime; _module_preset= &raquo;default &raquo; background_color= &raquo;RGBA(255,255,255,0) &raquo; custom_margin= &raquo;5px||||false|false &raquo; custom_padding= &raquo;8px||1px||| &raquo; global_colors_info= &raquo;{} &raquo;][et_pb_row column_structure= &raquo;1_2,1_2&Prime; _builder_version= &raquo;4.20.4&Prime; _module_preset= &raquo;default &raquo; custom_margin= &raquo;65px|auto|17px|auto|false|false &raquo; custom_padding= &raquo;9px||20px||| &raquo; global_colors_info= &raquo;{} &raquo;][et_pb_column type= &raquo;1_2&Prime; _builder_version= &raquo;4.20.0&Prime; _module_preset= &raquo;default &raquo; global_colors_info= &raquo;{} &raquo;][et_pb_text _builder_version= &raquo;4.20.4&Prime; _module_preset= &raquo;65dad63f-7c84-49f7-a8b3-39508daa9fc2&Prime; text_font_size= &raquo;20px &raquo; text_letter_spacing= &raquo;2px &raquo; text_line_height= &raquo;1.7em &raquo; header_font= &raquo;|700||||||| &raquo; header_font_size= &raquo;29px &raquo; header_letter_spacing= &raquo;3px &raquo; header_line_height= &raquo;1.7em &raquo; max_height= &raquo;733px &raquo; custom_padding= &raquo;5px||35px||false|false &raquo; hover_enabled= &raquo;0&Prime; global_colors_info= &raquo;{} &raquo; background_color= &raquo;#90EE90&Prime; sticky_enabled= &raquo;0&Prime;]<\/p>\n<blockquote>\n<h1 style=\"text-align: center;\"><b><\/b><\/h1>\n<h1 style=\"text-align: center;\">Lundi\u00a0 &#8211; Mardi<\/h1>\n<h1 style=\"text-align: center;\">\u00a0Jeudi\u00a0 &#8211; Vendredi<\/h1>\n<p style=\"text-align: center;\">\u00a010 : 00 \u00e0 12 : 00<\/p>\n<p style=\"text-align: center;\">13 : 00 \u00e0 20 : 00<\/p>\n<h1 style=\"text-align: center;\"><\/h1>\n<\/blockquote>\n<p style=\"text-align: center;\">[\/et_pb_text][\/et_pb_column][et_pb_column type= &raquo;1_2&Prime; _builder_version= &raquo;4.20.4&Prime; _module_preset= &raquo;default &raquo; global_colors_info= &raquo;{} &raquo;][et_pb_text _builder_version= &raquo;4.20.4&Prime; _module_preset= &raquo;65dad63f-7c84-49f7-a8b3-39508daa9fc2&Prime; text_font_size= &raquo;20px &raquo; text_letter_spacing= &raquo;2px &raquo; text_line_height= &raquo;1.7em &raquo; header_font= &raquo;|700||||||| &raquo; header_font_size= &raquo;29px &raquo; header_letter_spacing= &raquo;3px &raquo; header_line_height= &raquo;1.7em &raquo; max_height= &raquo;671px &raquo; custom_padding= &raquo;5px||||| &raquo; hover_enabled= &raquo;0&Prime; global_colors_info= &raquo;{} &raquo; background_color= &raquo;#90EE90&Prime; sticky_enabled= &raquo;0&Prime;]<\/p>\n<h1 style=\"text-align: center;\"><b><\/b><\/h1>\n<h1 style=\"text-align: center;\"><b>Mercredi\u00a0 &amp; Samedi<\/b><b>\u00a0<\/b><\/h1>\n<p style=\"text-align: center;\"><span style=\"font-size: 20px;\">9 : 00 \u00e0 12 : 00<\/span><\/p>\n<p style=\"text-align: center;\">13 : 00 \u00e0 20 : 00<\/p>\n<h1 style=\"text-align: center;\">Dimanche<\/h1>\n<p style=\"text-align: center;\">en p\u00e9riode d&rsquo;examens<\/p>\n<p style=\"text-align: center;\">[\/et_pb_text][\/et_pb_column][\/et_pb_row][et_pb_row _builder_version= &raquo;4.20.4&Prime; _module_preset= &raquo;default &raquo; custom_margin= &raquo;13px|auto|13px|auto|true|false &raquo; global_colors_info= &raquo;{} &raquo;][et_pb_column type= &raquo;4_4&Prime; _builder_version= &raquo;4.20.4&Prime; _module_preset= &raquo;default &raquo; global_colors_info= &raquo;{} &raquo;][et_pb_image src= &raquo;https:\/\/sylvainbourgois79.com\/wp-content\/uploads\/2023\/04\/a-2-modified-1.png &raquo; title_text= &raquo;a 2-modified (1) &raquo; show_in_lightbox= &raquo;on &raquo; align= &raquo;center &raquo; _builder_version= &raquo;4.20.4&Prime; _module_preset= &raquo;default &raquo; global_colors_info= &raquo;{} &raquo;][\/et_pb_image][\/et_pb_column][\/et_pb_row][et_pb_row _builder_version= &raquo;4.20.4&Prime; _module_preset= &raquo;default &raquo; width= &raquo;100% &raquo; min_height= &raquo;110px &raquo; custom_margin= &raquo;8px|auto|10px|auto|false|false &raquo; custom_padding= &raquo;0px||2px||false|false &raquo; global_colors_info= &raquo;{} &raquo;][et_pb_column type= &raquo;4_4&Prime; _builder_version= &raquo;4.19.5&Prime; _module_preset= &raquo;default &raquo; global_colors_info= &raquo;{} &raquo;][et_pb_text _builder_version= &raquo;4.20.4&Prime; _module_preset= &raquo;default &raquo; text_text_color= &raquo;#00871B &raquo; text_font_size= &raquo;34px &raquo; text_letter_spacing= &raquo;6px &raquo; header_line_height= &raquo;1.5em &raquo; background_color= &raquo;#90EE90&Prime; text_orientation= &raquo;justified &raquo; width= &raquo;100% &raquo; max_width= &raquo;100% &raquo; module_alignment= &raquo;center &raquo; custom_margin_tablet= &raquo; &raquo; custom_margin_phone= &raquo; &raquo; custom_margin_last_edited= &raquo;on|phone &raquo; hover_enabled= &raquo;0&Prime; border_radii= &raquo;on|21px|21px|21px|21px &raquo; global_colors_info= &raquo;{} &raquo; sticky_enabled= &raquo;0&Prime;]<\/p>\n<p style=\"text-align: center;\"><strong><\/strong><\/p>\n<p style=\"text-align: center;\"><strong>Dur\u00e9e des Le\u00e7ons<\/strong><\/p>\n<p style=\"text-align: center;\"><strong><\/strong><\/p>\n<p>[\/et_pb_text][\/et_pb_column][\/et_pb_row][et_pb_row _builder_version= &raquo;4.20.4&Prime; _module_preset= &raquo;default &raquo; custom_margin= &raquo;4px|auto|4px|auto|true|false &raquo; global_colors_info= &raquo;{} &raquo;][et_pb_column type= &raquo;4_4&Prime; _builder_version= &raquo;4.20.4&Prime; _module_preset= &raquo;default &raquo; global_colors_info= &raquo;{} &raquo;][et_pb_image src= &raquo;https:\/\/sylvainbourgois79.com\/wp-content\/uploads\/2023\/04\/Duree-des-Lecons.jpg &raquo; title_text= &raquo;Dur\u00e9e des Le\u00e7ons &raquo; show_in_lightbox= &raquo;on &raquo; align= &raquo;center &raquo; _builder_version= &raquo;4.20.4&Prime; _module_preset= &raquo;default &raquo; module_alignment= &raquo;center &raquo; border_radii= &raquo;on|50px|50px|50px|50px &raquo; global_colors_info= &raquo;{} &raquo;][\/et_pb_image][\/et_pb_column][\/et_pb_row][et_pb_row _builder_version= &raquo;4.20.4&Prime; _module_preset= &raquo;default &raquo; width= &raquo;100% &raquo; min_height= &raquo;110px &raquo; custom_margin= &raquo;95px|auto|10px|auto|false|false &raquo; custom_padding= &raquo;0px||2px||false|false &raquo; global_colors_info= &raquo;{} &raquo;][et_pb_column type= &raquo;4_4&Prime; _builder_version= &raquo;4.19.5&Prime; _module_preset= &raquo;default &raquo; global_colors_info= &raquo;{} &raquo;][et_pb_text _builder_version= &raquo;4.20.4&Prime; _module_preset= &raquo;default &raquo; text_text_color= &raquo;#00871B &raquo; text_font_size= &raquo;34px &raquo; text_letter_spacing= &raquo;6px &raquo; header_line_height= &raquo;1.5em &raquo; background_color= &raquo;#90EE90&Prime; text_orientation= &raquo;justified &raquo; width= &raquo;100% &raquo; max_width= &raquo;100% &raquo; module_alignment= &raquo;center &raquo; custom_margin_tablet= &raquo; &raquo; custom_margin_phone= &raquo; &raquo; custom_margin_last_edited= &raquo;on|phone &raquo; hover_enabled= &raquo;0&Prime; border_radii= &raquo;on|21px|21px|21px|21px &raquo; global_colors_info= &raquo;{} &raquo; sticky_enabled= &raquo;0&Prime;]<\/p>\n<p style=\"text-align: center;\"><strong><\/strong><\/p>\n<p style=\"text-align: center;\"><strong>Prise en Charge de Longue Dur\u00e9e\u00a0<\/strong><\/p>\n<p style=\"text-align: center;\"><strong><\/strong><\/p>\n<p>[\/et_pb_text][\/et_pb_column][\/et_pb_row][et_pb_row _builder_version= &raquo;4.20.4&Prime; _module_preset= &raquo;default &raquo; width= &raquo;100% &raquo; custom_margin= &raquo;5px|auto|5px|auto|true|false &raquo; custom_padding= &raquo;0px||16px||false|false &raquo; global_colors_info= &raquo;{} &raquo;][et_pb_column type= &raquo;4_4&Prime; _builder_version= &raquo;4.19.5&Prime; _module_preset= &raquo;default &raquo; global_colors_info= &raquo;{} &raquo;][et_pb_text _builder_version= &raquo;4.20.4&Prime; _module_preset= &raquo;default &raquo; text_text_color= &raquo;#00871B &raquo; text_font_size= &raquo;20px &raquo; text_letter_spacing= &raquo;5px &raquo; text_line_height= &raquo;1.8em &raquo; header_font_size= &raquo;36px &raquo; header_letter_spacing= &raquo;4px &raquo; header_line_height= &raquo;1.7em &raquo; background_color= &raquo;#90EE90&Prime; text_orientation= &raquo;justified &raquo; width= &raquo;100% &raquo; max_width= &raquo;100% &raquo; module_alignment= &raquo;center &raquo; custom_margin= &raquo;9px||||false|false &raquo; custom_margin_tablet= &raquo; &raquo; custom_margin_phone= &raquo; &raquo; custom_margin_last_edited= &raquo;on|phone &raquo; hover_enabled= &raquo;0&Prime; border_radii= &raquo;on|21px|21px|21px|21px &raquo; global_colors_info= &raquo;{} &raquo; sticky_enabled= &raquo;0&Prime;]<\/p>\n<p style=\"text-align: center;\"><strong style=\"font-size: 19px;\"><\/strong><\/p>\n<p style=\"text-align: center;\">Certaines prises en charge demandent un peu de temps pour r\u00e9ussir &#8230;<\/p>\n<p style=\"text-align: center;\">Pour une collaboration\u00a0 durable, je propose une organisation r\u00e9guli\u00e8re des s\u00e9ances.\u00a0<\/p>\n<p style=\"text-align: center;\"><strong><\/strong><\/p>\n<p style=\"text-align: center;\"><strong><\/strong><\/p>\n<p>[\/et_pb_text][\/et_pb_column][\/et_pb_row][et_pb_row column_structure= &raquo;1_2,1_2&Prime; make_equal= &raquo;on &raquo; _builder_version= &raquo;4.20.4&Prime; _module_preset= &raquo;default &raquo; width= &raquo;100% &raquo; max_width= &raquo;1406px &raquo; height= &raquo;467px &raquo; max_height= &raquo;1000px &raquo; custom_margin= &raquo;0px|auto|0px|auto|true|false &raquo; custom_padding= &raquo;11px||||| &raquo; hover_enabled= &raquo;0&Prime; global_colors_info= &raquo;{} &raquo; sticky_enabled= &raquo;0&Prime;][et_pb_column type= &raquo;1_2&Prime; _builder_version= &raquo;4.20.2&Prime; _module_preset= &raquo;default &raquo; global_colors_info= &raquo;{} &raquo;][et_pb_text _builder_version= &raquo;4.20.4&Prime; _module_preset= &raquo;default &raquo; text_text_color= &raquo;#00871B &raquo; text_font_size= &raquo;21px &raquo; text_letter_spacing= &raquo;5px &raquo; text_line_height= &raquo;1.8em &raquo; header_font_size= &raquo;36px &raquo; header_letter_spacing= &raquo;4px &raquo; header_line_height= &raquo;1.7em &raquo; background_color= &raquo;#90EE90&Prime; text_orientation= &raquo;justified &raquo; width= &raquo;100% &raquo; max_width= &raquo;100% &raquo; module_alignment= &raquo;center &raquo; custom_margin= &raquo;9px||||false|false &raquo; custom_margin_tablet= &raquo; &raquo; custom_margin_phone= &raquo; &raquo; custom_margin_last_edited= &raquo;on|phone &raquo; custom_padding= &raquo;|23px||23px|false|false &raquo; hover_enabled= &raquo;0&Prime; border_radii= &raquo;on|21px|21px|21px|21px &raquo; global_colors_info= &raquo;{} &raquo; sticky_enabled= &raquo;0&Prime;]<\/p>\n<p style=\"text-align: justify;\">\n<p style=\"text-align: justify;\">Il est alors important de\u00a0 nous organiser pour une m\u00e9morisation et une assimilation\u00a0 optimales\u00a0 qui permettent d&rsquo;obtenir rapidement de meilleurs r\u00e9sultats.\u00a0<\/p>\n<p style=\"text-align: justify;\">Et cela\u00a0 permet alors\u00a0 d&rsquo;optimiser votre d\u00e9pense de fa\u00e7on strat\u00e9gique.<\/p>\n<p style=\"text-align: justify;\">Je vous conseille notamment la plus grande r\u00e9gularit\u00e9 durant la p\u00e9riode scolaire et je recommande \u00e9galement de poursuivre les le\u00e7ons au moins une semaine sur deux\u00a0 pendant les vacances scolaires.<\/p>\n<p>&nbsp;<\/p>\n<p>[\/et_pb_text][\/et_pb_column][et_pb_column type= &raquo;1_2&Prime; _builder_version= &raquo;4.20.4&Prime; _module_preset= &raquo;default &raquo; hover_enabled= &raquo;0&Prime; global_colors_info= &raquo;{} &raquo; background_color= &raquo;#90EE90&Prime; border_radii= &raquo;on|30px|30px|30px|30px &raquo; sticky_enabled= &raquo;0&Prime; custom_padding= &raquo;||75px||false|false &raquo;][et_pb_video src= &raquo;https:\/\/sylvainbourgois79.com\/wp-content\/uploads\/2023\/04\/DUR-et-CREN-nouv-V-cecilia-2.mkv &raquo; image_src= &raquo;https:\/\/sylvainbourgois79.com\/wp-content\/uploads\/2023\/04\/ref-1-0-00-0.jpg &raquo; _builder_version= &raquo;4.20.4&Prime; _module_preset= &raquo;eb148eed-c812-4456-8203-7d77d5a03ad5&Prime; custom_margin= &raquo;75px|0px|75px|0px|true|false &raquo; hover_enabled= &raquo;0&Prime; border_radii= &raquo;on|30px|30px|30px|30px &raquo; global_colors_info= &raquo;{} &raquo; border_width_all= &raquo;13px &raquo; border_color_all= &raquo;#00871B &raquo; sticky_enabled= &raquo;0&Prime; custom_padding= &raquo;0px|0px|75px|0px|false|false &raquo; background_color= &raquo;#90EE90&Prime;][\/et_pb_video][\/et_pb_column][\/et_pb_row][et_pb_row column_structure= &raquo;1_2,1_2&Prime; make_equal= &raquo;on &raquo; _builder_version= &raquo;4.20.4&Prime; _module_preset= &raquo;default &raquo; width= &raquo;100% &raquo; max_width= &raquo;1406px &raquo; height= &raquo;467px &raquo; max_height= &raquo;1000px &raquo; custom_margin= &raquo;85px|auto|107px|auto|false|false &raquo; custom_padding= &raquo;11px||||| &raquo; global_colors_info= &raquo;{} &raquo;][et_pb_column type= &raquo;1_2&Prime; _builder_version= &raquo;4.20.2&Prime; _module_preset= &raquo;default &raquo; global_colors_info= &raquo;{} &raquo;][et_pb_text _builder_version= &raquo;4.20.4&Prime; _module_preset= &raquo;default &raquo; text_font_size= &raquo;19px &raquo; text_letter_spacing= &raquo;1px &raquo; header_font_size= &raquo;34px &raquo; header_letter_spacing= &raquo;5px &raquo; header_line_height= &raquo;1.5em &raquo; background_color= &raquo;#90EE90&Prime; custom_margin= &raquo;||85px||false|false &raquo; hover_enabled= &raquo;0&Prime; border_radii= &raquo;on|26px|26px|26px|26px &raquo; border_color_all= &raquo;#E02B20&Prime; global_colors_info= &raquo;{} &raquo; sticky_enabled= &raquo;0&Prime;]<\/p>\n<p style=\"text-align: center;\"><b><\/b><\/p>\n<h1 style=\"text-align: center;\"><strong>Fonctionnement<\/strong><\/h1>\n<p style=\"text-align: center;\"><img decoding=\"async\" loading=\"lazy\" src=\"https:\/\/sylvainbourgois79.com\/wp-content\/uploads\/2023\/04\/calendrier-modified-300x169.png\" width=\"506\" height=\"285\" alt=\"\" class=\"wp-image-2545 alignnone size-medium\" \/><\/p>\n<p style=\"text-align: center;\">Continuer la Remise \u00e0 Niveau<\/p>\n<p style=\"text-align: center;\">&amp; Pr\u00e9server les Apprentissages<\/p>\n<p style=\"text-align: center;\">Pendant les Vacances Scolaires<\/p>\n<p style=\"text-align: center;\">[\/et_pb_text][\/et_pb_column][et_pb_column type= &raquo;1_2&Prime; _builder_version= &raquo;4.20.4&Prime; _module_preset= &raquo;default &raquo; global_colors_info= &raquo;{} &raquo;][et_pb_text _builder_version= &raquo;4.20.4&Prime; _module_preset= &raquo;default &raquo; text_font_size= &raquo;19px &raquo; text_letter_spacing= &raquo;1px &raquo; text_line_height= &raquo;1.6em &raquo; header_font_size= &raquo;34px &raquo; header_letter_spacing= &raquo;5px &raquo; header_line_height= &raquo;1.6em &raquo; background_color= &raquo;#90EE90&Prime; width= &raquo;100% &raquo; custom_margin= &raquo;||85px||false|false &raquo; hover_enabled= &raquo;0&Prime; border_radii= &raquo;on|26px|26px|26px|26px &raquo; border_color_all= &raquo;#E02B20&Prime; global_colors_info= &raquo;{} &raquo; sticky_enabled= &raquo;0&Prime;]<\/p>\n<p style=\"text-align: center;\"><b><\/b><\/p>\n<h1 style=\"text-align: center;\"><b>Pr\u00e9visionnel<\/b><\/h1>\n<p style=\"text-align: center;\"><img decoding=\"async\" loading=\"lazy\" src=\"https:\/\/sylvainbourgois79.com\/wp-content\/uploads\/2023\/04\/2-budget-previsionnel-modified-300x186.png\" width=\"442\" height=\"274\" alt=\"\" class=\"wp-image-2539 alignnone size-medium\" \/><\/p>\n<p style=\"text-align: center;\">Visualiser la Prise en Charge<\/p>\n<p style=\"text-align: center;\">Proposer un Pr\u00e9visionnel de l&rsquo;Ann\u00e9e<\/p>\n<p style=\"text-align: center;\">Mettre en Place la Mensualisation<\/p>\n<p style=\"text-align: center;\">[\/et_pb_text][\/et_pb_column][\/et_pb_row][\/et_pb_section]<\/p>\n","protected":false},"excerpt":{"rendered":"<p>Horaires Lundi\u00a0 &#8211; Mardi \u00a0Jeudi\u00a0 &#8211; Vendredi \u00a010 : 00 \u00e0 12 : 00 13 : 00 \u00e0 20 : 00 Mercredi\u00a0 &amp; Samedi\u00a0 9 : 00 \u00e0 12 : 00 13 : 00 \u00e0 20 : 00 Dimanche en p\u00e9riode d&rsquo;examens Dur\u00e9e des Le\u00e7ons Prise en Charge de Longue Dur\u00e9e\u00a0 Certaines prises en charge [&hellip;]<\/p>\n","protected":false},"author":1,"featured_media":0,"parent":0,"menu_order":0,"comment_status":"closed","ping_status":"closed","template":"","meta":{"_et_pb_use_builder":"on","_et_pb_old_content":"<!-- wp:fl-builder\/layout -->\n\n<figure><img src=\"http:\/\/sylvainbourgois79.com\/wp-content\/uploads\/2021\/10\/c9898.jpg\" alt=\"\" width=\"268\" height=\"187\" \/><\/figure>\n<h2><a href=\"https:\/\/sylvainbourgois79.com\/index.php\/soutien-scolaire-2\/\"><strong>Soutien\u00a0 \u00a0<\/strong><strong>Scolaire<\/strong><\/a><\/h2>\n<p>\u00a0 \u00a0 \u00a0 \u00a0 Remise \u00e0 Niveau<\/p>\n<p>\u00a0 \u00a0 \u00a0 \u00a0 Explication du Cours<\/p>\n<p>\u00a0 \u00a0 \u00a0 \u00a0 Explication des Exercices<\/p>\n<p>Pr\u00e9paration des Contr\u00f4les\u00a0 \u00a0<\/p>\n<p>\u00a0 \u00a0 \u00a0Pr\u00e9paration des Examens<\/p>\n<h2><a href=\"http:\/\/sylvainbourgois79.com\/index.php\/methodologie\/\"><strong>M\u00e9thodologie<\/strong><\/a><\/h2>\n<h2>\u00a0 \u00a0 \u00a0 \u00a0 \u00a0Apprendre \u00e0 Apprendre<\/h2>\n<h2>\u00a0 \u00a0 \u00a0 \u00a0 \u00a0Compr\u00e9hension, M\u00e9morisation<\/h2>\n<h2>\u00a0 \u00a0 \u00a0 \u00a0 \u00a0Savoir Faire et Techniques<\/h2>\n<h1><strong><a href=\"https:\/\/sylvainbourgois79.com\/index.php\/organisation-2\/\">Organisation<\/a><\/strong><\/h1>\n<h2>Gestion de l'Emploi du Temps<\/h2>\n<h2>\u00a0 \u00a0 \u00a0 \u00a0 Anticipation et Gestion du Stress<\/h2>\n<h2>\u00a0 \u00a0 \u00a0 \u00a0Equilibre Vie Scolaire et Loisirs es Exercices<\/h2>\n<h2><a href=\"https:\/\/sylvainbourgois79.com\/index.php\/coaching\/\"><strong>Coaching<\/strong><\/a><\/h2>\n<h2>\u00a0 \u00a0 \u00a0 \u00a0 \u00a0<strong>Probl\u00e9matiques Scolaires et Solutions<\/strong><\/h2>\n<h2>\u00a0 \u00a0 \u00a0 \u00a0 \u00a0<strong>Objectifs Personnalis\u00e9s pour une Scolarit\u00e9 Efficace<\/strong><\/h2>\n<h2>\u00a0 \u00a0 \u00a0 \u00a0 \u00a0<strong>Suivi d'un Plan d'Actions Concr\u00e8tes\u00a0<\/strong><\/h2>\n<h2><strong><a href=\"https:\/\/sylvainbourgois79.com\/index.php\/orientation\/\">Orientation<\/a><\/strong><\/h2>\n<h2>\u00a0 \u00a0 \u00a0 \u00a0 \u00a0<strong>Options et Sp\u00e9cialit\u00e9s<\/strong><\/h2>\n<h2><strong>en 1 \u00e8re et Terminale<\/strong><\/h2>\n<h2>\u00a0 \u00a0 \u00a0 \u00a0 \u00a0<strong>Fili\u00e8res Dipl\u00f4mantes et D\u00e9bouch\u00e9s\u00a0Professionnels<\/strong><\/h2>\n<h2>\u00a0 \u00a0 \u00a0 \u00a0 \u00a0<strong>Projets d'Avenir et Responsabilisation<\/strong><\/h2>\n\n<!-- \/wp:fl-builder\/layout -->","_et_gb_content_width":""},"_links":{"self":[{"href":"https:\/\/sylvainbourgois79.com\/index.php?rest_route=\/wp\/v2\/pages\/1187"}],"collection":[{"href":"https:\/\/sylvainbourgois79.com\/index.php?rest_route=\/wp\/v2\/pages"}],"about":[{"href":"https:\/\/sylvainbourgois79.com\/index.php?rest_route=\/wp\/v2\/types\/page"}],"author":[{"embeddable":true,"href":"https:\/\/sylvainbourgois79.com\/index.php?rest_route=\/wp\/v2\/users\/1"}],"replies":[{"embeddable":true,"href":"https:\/\/sylvainbourgois79.com\/index.php?rest_route=%2Fwp%2Fv2%2Fcomments&post=1187"}],"version-history":[{"count":72,"href":"https:\/\/sylvainbourgois79.com\/index.php?rest_route=\/wp\/v2\/pages\/1187\/revisions"}],"predecessor-version":[{"id":3170,"href":"https:\/\/sylvainbourgois79.com\/index.php?rest_route=\/wp\/v2\/pages\/1187\/revisions\/3170"}],"wp:attachment":[{"href":"https:\/\/sylvainbourgois79.com\/index.php?rest_route=%2Fwp%2Fv2%2Fmedia&parent=1187"}],"curies":[{"name":"wp","href":"https:\/\/api.w.org\/{rel}","templated":true}]}}